s digit of 4370?
3
What is the tens digit of 48790?
9
What is the hundreds digit of 20423?
4
What is the ten thousands digit of 18065?
1
What is the units digit of 56271?
1
What is the ten thousands digit of 27294?
2
What is the tens digit of 477?
7
What is the hundreds digit of 1683?
6
What is the units digit of 7292?
2
What is the thousands digit of 87942?
7
What is the units digit of 898?
8
What is the hundreds digit of 364?
3
What is the hundreds digit of 7743?
7
What is the units digit of 20438?
8
What is the thousands digit of 7119?
7
What is the units digit of 17654?
4
What is the units digit of 966?
6
What is the hundreds digit of 9732?
7
What is the thousands digit of 40183?
0
What is the units digit of 4388?
8
What is the hundreds digit of 5107?
1
What is the hundreds digit of 715?
7
What is the units digit of 739?
9
What is the units digit of 610?
0
What is the tens digit of 842?
4
What is the hundreds digit of 15626?
6
What is the tens digit of 6983?
8
What is the units digit of 1070?
0
What is the units digit of 5539?
9
What is the hundreds digit of 48196?
1
What is the hundreds digit of 8864?
8
What is the hundreds digit of 12548?
5
What is the tens digit of 68292?
9
What is the tens digit of 835?
3
What is the units digit of 35619?
9
What is the tens digit of 46853?
5
What is the thousands digit of 4249?
4
What is the tens digit of 5005?
0
What is the hundreds digit of 2113?
1
What is the tens digit of 2678?
7
What is the tens digit of 712?
1
What is the thousands digit of 1002?
1
What is the units digit of 20099?
9
What is the ten thousands digit of 12941?
1
What is the tens digit of 6365?
6
What is the tens digit of 4460?
6
What is the hundreds digit of 15080?
0
What is the ten thousands digit of 13701?
1
What is the tens digit of 1775?
7
What is the units digit of 1251?
1
What is the units digit of 282?
2
What is the units digit of 7004?
4
What is the tens digit of 62228?
2
What is the thousands digit of 23592?
3
What is the units digit of 1223?
3
What is the units digit of 92?
2
What is the hundreds digit of 4749?
7
What is the units digit of 1952?
2
What is the tens digit of 17830?
3
What is the units digit of 21276?
6
What is the hundreds digit of 7362?
3
What is the hundreds digit of 49905?
9
What is the units digit of 4010?
0
What is the hundreds digit of 3552?
5
What is the hundreds digit of 5069?
0
What is the thousands digit of 1838?
1
What is the units digit of 33016?
6
What is the units digit of 15213?
3
What is the tens digit of 81?
8
What is the units digit of 5219?
9
What is the thousands digit of 5054?
5
What is the hundreds digit of 587?
5
What is the hundreds digit of 12906?
9
What is the ten thousands digit of 31172?
3
What is the units digit of 8120?
0
What is the ten thousands digit of 64751?
6
What is the ten thousands digit of 24281?
2
What is the tens digit of 1077?
7
What is the units digit of 15?
5
What is the hundreds digit of 27477?
4
What is the tens digit of 1618?
1
What is the units digit of 21076?
6
What is the thousands digit of 26326?
6
What is the hundreds digit of 3101?
1
What is the hundreds digit of 8279?
2
What is the thousands digit of 6679?
6
What is the ten thousands digit of 24223?
2
What is the ten thousands digit of 10914?
1
What is the tens digit of 2991?
9
What is the tens digit of 2005?
0
What is the units digit of 326?
6
What is the units digit of 1791?
1
What is the thousands digit of 5821?
5
What is the tens digit of 733?
3
What is the tens digit of 41672?
7
What is the hundreds digit of 585?
5
What is the hundreds digit of 9350?
3
What is the units digit of 421?
1
What is the units digit of 83851?
1
What is the hundreds digit of 19480?
4
What is the tens digit of 479?
7
What is the units digit of 3778?
8
What is the hundreds digit of 1706?
7
What is the units digit of 1151?
1
What is the tens digit of 10550?
5
What is the tens digit of 4462?
6
What is the thousands digit of 23564?
3
What is the tens digit of 6145?
4
What is the units digit of 2216?
6
What is the hundreds digit of 840?
8
What is the hundreds digit of 9082?
0
What is the tens digit of 918?
1
What is the thousands digit of 26536?
6
What is the units digit of 26?
6
What is the units digit of 6021?
1
What is the thousands digit of 14735?
4
What is the hundreds digit of 1394?
3
What is the tens digit of 66735?
3
What is the tens digit of 1885?
8
What is the units digit of 16456?
6
What is the tens digit of 883?
8
What is the tens digit of 17750?
5
What is the tens digit of 1424?
2
What is the ten thousands digit of 28295?
2
What is the tens digit of 172?
7
What is the hundreds digit of 475?
4
What is the hundreds digit of 715?
7
What is the tens digit of 472?
7
What is the thousands digit of 7054?
7
What is the units digit of 45?
5
What is the tens digit of 877?
7
What is the tens digit of 29778?
7
What is the ten thousands digit of 20256?
2
What is the thousands digit of 3977?
3
What is the thousands digit of 1323?
1
What is the tens digit of 966?
6
What is the thousands digit of 67409?
7
What is the units digit of 3189?
9
What is the hundreds digit of 92363?
3
What is the tens digit of 3896?
9
What is the hundreds digit of 1491?
4
What is the tens digit of 13392?
9
What is the thousands digit of 4765?
4
What is the tens digit of 655?
5
What is the hundreds digit of 2115?
1
What is the units digit of 28796?
6
What is the hundreds digit of 886?
8
What is the units digit of 884?
4
What is the units digit of 9125?
5
What is the hundreds digit of 222?
2
What is the hundreds digit of 138?
1
What is the units digit of 33220?
0
What is the tens digit of 140?
4
What is the hundreds digit of 1277?
2
What is the hundreds digit of 34779?
7
What is the thousands digit of 34794?
4
What is the hundreds digit of 5628?
6
What is the hundreds digit of 215?
2
What is the tens digit of 66114?
1
What is the tens digit of 1001?
0
What is the thousands digit of 52253?
2
What is the hundreds digit of 2608?
6
What is the tens digit of 1644?
4
What is the hundreds digit of 104?
1
What is the units digit of 5261?
1
What is the thousands digit of 6007?
6
What is the thousands digit of 1719?
1
What is the tens digit of 52125?
2
What is the hundreds digit of 2480?
4
What is the hundreds digit of 97913?
9
What is the units digit of 574?
4
What is the tens digit of 6818?
1
What is the hundreds digit of 5856?
8
What is the thousands digit of 1656?
1
What is the thousands digit of 58675?
8
What is the units digit of 5?
5
What is the hundreds digit of 668?
6
What is the hundreds digit of 1509?
5
What is the ten thousands digit of 22009?
2
What is the thousands digit of 3178?
3
What is the tens digit of 668?
6
What is the tens digit of 24010?
1
What is the thousands digit of 1322?
1
What is the tens digit of 1766?
6
What is the tens digit of 276?
7
What is the thousands digit of 2230?
2
What is the units digit of 110531?
1
What is the thousands digit of 14806?
4
What is the tens digit of 6000?
0
What is the hundreds digit of 48574?
5
What is the units digit of 61447?
7
What is the tens digit of 206?
0
What is the hundreds digit of 40830?
8
What is the tens digit of 469?
6
What is the tens digit of 1483?
8
What is the thousands digit of 16283?
6
What is the hundreds digit of 2336?
3
What is the units digit of 7018?
8
What is the tens digit of 551?
5
What is the tens digit of 1354?
5
What is the tens digit of 21026?
2
What is the ten thousands digit of 46994?
4
What is the hundreds digit of 30615?
6
What is the thousands digit of 102614?
2
What is the hundreds digit of 8717?
7
What is the ten thousands digit of 90807?
9
What is the ten thousands digit of 10387?
1
What is the tens digit of 14805?
0
What is the thousands digit of 82406?
2
What is the units digit of 33172?
2
What is the thousands digit of 63785?
3
What is the units digit of 713?
3
What is the ten thousands digit of 104876?
0
What is the units digit of 1097?
7
What is the units digit of 35920?
0
What is the tens digit of 355?
5
What is the tens digit of 31001?
0
What is the hundreds digit of 2834?
8
What is the thousands digit of 2591?
2
What is the hundreds digit of 1951?
9
What is the hundreds digit of 21974?
9
What is the units digit of 410?
0
What is the units digit of 2796?
6
Wh